{"id":558,"date":"2024-01-31T04:17:37","date_gmt":"2024-01-31T03:17:37","guid":{"rendered":"https:\/\/aspem.sn\/?page_id=558"},"modified":"2025-02-27T15:12:22","modified_gmt":"2025-02-27T14:12:22","slug":"a-propos","status":"publish","type":"page","link":"https:\/\/aspem.sn\/index.php\/a-propos\/","title":{"rendered":"A propos"},"content":{"rendered":"\t\t<div data-elementor-type=\"wp-page\" data-elementor-id=\"558\" class=\"elementor elementor-558\">\n\t\t\t\t\t\t<section class=\"elementor-section elementor-top-section elementor-element elementor-element-10df21f elementor-section-content-middle elementor-section-boxed elementor-section-height-default elementor-section-height-default wpr-particle-no wpr-jarallax-no wpr-parallax-no wpr-sticky-section-no\" data-id=\"10df21f\" data-element_type=\"section\" data-settings=\"{&quot;background_background&quot;:&quot;classic&quot;}\">\n\t\t\t\t\t\t\t<div class=\"elementor-background-overlay\"><\/div>\n\t\t\t\t\t\t\t<div class=\"elementor-container elementor-column-gap-default\">\n\t\t\t\t\t<div class=\"elementor-column elementor-col-100 elementor-top-column elementor-element elementor-element-4fdffb9\" data-id=\"4fdffb9\" data-element_type=\"column\">\n\t\t\t<div class=\"elementor-widget-wrap elementor-element-populated\">\n\t\t\t\t\t\t<section class=\"elementor-section elementor-inner-section elementor-element elementor-element-64eb49c elementor-section-boxed elementor-section-height-default elementor-section-height-default wpr-particle-no wpr-jarallax-no wpr-parallax-no wpr-sticky-section-no\" data-id=\"64eb49c\" data-element_type=\"section\">\n\t\t\t\t\t\t<div class=\"elementor-container elementor-column-gap-default\">\n\t\t\t\t\t<div class=\"elementor-column elementor-col-50 elementor-inner-column elementor-element elementor-element-8b16737\" data-id=\"8b16737\" data-element_type=\"column\">\n\t\t\t<div class=\"elementor-widget-wrap elementor-element-populated\">\n\t\t\t\t\t\t<div class=\"elementor-element elementor-element-3c76cfa elementor-invisible elementor-widget elementor-widget-image\" data-id=\"3c76cfa\" data-element_type=\"widget\" data-settings=\"{&quot;_animation&quot;:&quot;zoomIn&quot;,&quot;_animation_delay&quot;:100}\" data-widget_type=\"image.default\">\n\t\t\t\t<div class=\"elementor-widget-container\">\n\t\t\t\t\t\t\t\t\t\t\t\t\t\t\t<img fetchpriority=\"high\" decoding=\"async\" width=\"610\" height=\"594\" src=\"https:\/\/aspem.sn\/wp-content\/uploads\/2024\/06\/Capture-decran-2024-06-02-a-14.27.11.png\" class=\"attachment-full size-full wp-image-842\" alt=\"\" srcset=\"https:\/\/aspem.sn\/wp-content\/uploads\/2024\/06\/Capture-decran-2024-06-02-a-14.27.11.png 610w, https:\/\/aspem.sn\/wp-content\/uploads\/2024\/06\/Capture-decran-2024-06-02-a-14.27.11-600x584.png 600w\" sizes=\"(max-width: 610px) 100vw, 610px\" \/>\t\t\t\t\t\t\t\t\t\t\t\t\t\t\t<\/div>\n\t\t\t\t<\/div>\n\t\t\t\t\t<\/div>\n\t\t<\/div>\n\t\t\t\t<div class=\"elementor-column elementor-col-50 elementor-inner-column elementor-element elementor-element-726491c\" data-id=\"726491c\" data-element_type=\"column\">\n\t\t\t<div class=\"elementor-widget-wrap elementor-element-populated\">\n\t\t\t\t\t\t<div class=\"elementor-element elementor-element-60b6509 eael-dual-header-content-align-left elementor-widget elementor-widget-eael-dual-color-header\" data-id=\"60b6509\" data-element_type=\"widget\" data-widget_type=\"eael-dual-color-header.default\">\n\t\t\t\t<div class=\"elementor-widget-container\">\n\t\t\t\t\t\t\t\t<div class=\"eael-dual-header\">\n\t\t\t\t<h2 class=\"title eael-dch-title\"><span class=\"eael-dch-title-text eael-dch-title-lead lead solid-color\">LE MOT DU <\/span> <span class=\"eael-dch-title-text\">PRESIDENT<\/span><\/h2>\t\t\t\t\t<span class=\"eael-dch-svg-icon\"><\/span>\t\t\t\t\t\t\t<\/div>\n\n\t\t\t\t\t\t<\/div>\n\t\t\t\t<\/div>\n\t\t\t\t<div class=\"elementor-element elementor-element-e85ad8c elementor-widget elementor-widget-text-editor\" data-id=\"e85ad8c\" data-element_type=\"widget\" data-widget_type=\"text-editor.default\">\n\t\t\t\t<div class=\"elementor-widget-container\">\n\t\t\t\t\t\t\t\t\t<p>La pand\u00e9mie \u00e0 la Covid-19 a mis en \u00e9vidence les insuffisances de notre secteur m\u00e9dical\u00a0: le tr\u00e8s faible niveau du plateau technique de nos services de sant\u00e9 mais aussi l\u2019absence d\u2019unit\u00e9s de production locale de dispositifs m\u00e9dicaux.<\/p><p>L\u2019<strong>A<\/strong>ssociation <strong>S<\/strong>\u00e9n\u00e9galaise des <strong>P<\/strong>rofessionnels de l\u2019<strong>E<\/strong>quipement <strong>M<\/strong>\u00e9dical (<strong>ASPEM<\/strong>), regroupe plus d\u2019une cinquantaine de Soci\u00e9t\u00e9s et d\u2019Entreprises sp\u00e9cialis\u00e9es dans la Fabrication, l\u2019Importation et la Distribution de dispositifs m\u00e9dicaux qui \u00e9voluent dans les diff\u00e9rents segments du secteur m\u00e9dical.<\/p><p>Ses membres sont, particuli\u00e8rement, des M\u00e9decins, Pharmaciens, Ing\u00e9nieurs, Biologistes, Financiers et autres professionnels d\u2019origines diverses, dont certains capitalisent plus de 40 ans d\u2019exp\u00e9rience.<\/p>\t\t\t\t\t\t\t\t<\/div>\n\t\t\t\t<\/div>\n\t\t\t\t\t<\/div>\n\t\t<\/div>\n\t\t\t\t\t<\/div>\n\t\t<\/section>\n\t\t\t\t<section class=\"elementor-section elementor-inner-section elementor-element elementor-element-08b9e16 elementor-section-boxed elementor-section-height-default elementor-section-height-default wpr-particle-no wpr-jarallax-no wpr-parallax-no wpr-sticky-section-no\" data-id=\"08b9e16\" data-element_type=\"section\">\n\t\t\t\t\t\t<div class=\"elementor-container elementor-column-gap-default\">\n\t\t\t\t\t<div class=\"elementor-column elementor-col-100 elementor-inner-column elementor-element elementor-element-fab8cbe\" data-id=\"fab8cbe\" data-element_type=\"column\">\n\t\t\t<div class=\"elementor-widget-wrap elementor-element-populated\">\n\t\t\t\t\t\t<div class=\"elementor-element elementor-element-5345ecd elementor-widget elementor-widget-text-editor\" data-id=\"5345ecd\" data-element_type=\"widget\" data-widget_type=\"text-editor.default\">\n\t\t\t\t<div class=\"elementor-widget-container\">\n\t\t\t\t\t\t\t\t\t<p>\u00a0<\/p><p><strong>Sa mission<\/strong> consiste \u00e0 cr\u00e9er un \u00e9cosyst\u00e8me favorable \u00e0 l\u2019\u00e9panouissement des professionnels des m\u00e9tiers de production et de distribution des dispositifs m\u00e9dicaux (\u00e9quipements et consommables) pour une sant\u00e9 meilleure.<\/p><p><strong>Sa vision<\/strong>, c\u2019est d\u2019\u00eatre un interlocuteur de r\u00e9f\u00e9rence des pouvoirs publics, du secteur priv\u00e9, des partenaires financiers et techniques.<\/p><p>Aujourd\u2019hui, avec les promesses d\u2019une nouvelle strat\u00e9gie politique b\u00e2tie autour du patriotisme \u00e9conomique, notre Association s\u2019organise pour une rupture syst\u00e9mique autour d\u2019une ferme volont\u00e9 d\u2019am\u00e9liorer la transparence et la bonne gouvernance dans notre secteur.<\/p><p>En ma qualit\u00e9 de Pr\u00e9sident de l\u2019ASPEM, je reste convaincu que la charte d\u2019\u00e9thique, de d\u00e9ontologie et de bonne conduite \u00e0 laquelle nous avons tous adh\u00e9r\u00e9 sera notre seul cr\u00e9do qui renforce notre engagement \u00e0 respecter, scrupuleusement les <strong>valeurs de l\u2019ASPEM<\/strong> qui s\u2019articulent autour du mot \u00ab\u00a0ESPERER\u00a0\u00bb :<\/p><ul><li><strong>ETHIQUE\u00a0;<\/strong><\/li><li><strong>SOLIDARIT\u00c9\u00a0;<\/strong><\/li><li><strong>PARTAGE\u00a0;<\/strong><\/li><li><strong>RESPECT MUTUEL\u00a0;<\/strong><\/li><li><strong>RESPONSABILITE de ses adh\u00e9rents.<\/strong><\/li><\/ul><p>Dans cet esprit nous atteindrons, ensemble, les objectifs que nous nous sommes fix\u00e9s quelles que soient l\u2019ampleur et la complexit\u00e9 de la t\u00e2che.<\/p>\t\t\t\t\t\t\t\t<\/div>\n\t\t\t\t<\/div>\n\t\t\t\t<div class=\"elementor-element elementor-element-8be9abf eael-dual-header-content-align-left elementor-widget elementor-widget-eael-dual-color-header\" data-id=\"8be9abf\" data-element_type=\"widget\" data-widget_type=\"eael-dual-color-header.default\">\n\t\t\t\t<div class=\"elementor-widget-container\">\n\t\t\t\t\t\t\t\t<div class=\"eael-dual-header\">\n\t\t\t\t<h2 class=\"title eael-dch-title\"><span class=\"eael-dch-title-text eael-dch-title-lead lead solid-color\">HAROUNA<\/span> <span class=\"eael-dch-title-text\">KEITA<\/span><\/h2>\t\t\t\t\t<span class=\"subtext\"><p>PRESIDENT<\/p><\/span>\n\t\t\t\t\t\t\t\t\t<span class=\"eael-dch-svg-icon\"><\/span>\t\t\t\t\t\t\t<\/div>\n\n\t\t\t\t\t\t<\/div>\n\t\t\t\t<\/div>\n\t\t\t\t\t<\/div>\n\t\t<\/div>\n\t\t\t\t\t<\/div>\n\t\t<\/section>\n\t\t\t\t\t<\/div>\n\t\t<\/div>\n\t\t\t\t\t<\/div>\n\t\t<\/section>\n\t\t<div class=\"elementor-element elementor-element-44334e4 e-flex e-con-boxed wpr-particle-no wpr-jarallax-no wpr-parallax-no wpr-sticky-section-no e-con e-parent\" data-id=\"44334e4\" data-element_type=\"container\">\n\t\t\t\t\t<div class=\"e-con-inner\">\n\t\t<div class=\"elementor-element elementor-element-b1ffb29 e-con-full e-flex wpr-particle-no wpr-jarallax-no wpr-parallax-no wpr-sticky-section-no e-con e-child\" data-id=\"b1ffb29\" data-element_type=\"container\">\n\t\t\t\t<\/div>\n\t\t<div class=\"elementor-element elementor-element-49d0c1d e-con-full e-flex wpr-particle-no wpr-jarallax-no wpr-parallax-no wpr-sticky-section-no e-con e-child\" data-id=\"49d0c1d\" data-element_type=\"container\">\n\t\t\t\t<div class=\"elementor-element elementor-element-b08d5c5 eael-dual-header-content-align-center elementor-widget elementor-widget-eael-dual-color-header\" data-id=\"b08d5c5\" data-element_type=\"widget\" data-widget_type=\"eael-dual-color-header.default\">\n\t\t\t\t<div class=\"elementor-widget-container\">\n\t\t\t\t\t\t\t\t<div class=\"eael-dual-header\">\n\t\t\t\t<h2 class=\"title eael-dch-title\"><span class=\"eael-dch-title-text eael-dch-title-lead lead solid-color\"><\/span> <span class=\"eael-dch-title-text\">Organigramme<\/span><\/h2>\t\t\t\t\t<span class=\"eael-dch-svg-icon\"><\/span>\t\t\t\t\t\t\t<\/div>\n\n\t\t\t\t\t\t<\/div>\n\t\t\t\t<\/div>\n\t\t\t\t<div class=\"elementor-element elementor-element-aa98ac8 elementor-widget elementor-widget-image\" data-id=\"aa98ac8\" data-element_type=\"widget\" data-widget_type=\"image.default\">\n\t\t\t\t<div class=\"elementor-widget-container\">\n\t\t\t\t\t\t\t\t\t\t\t\t\t\t\t\t<a href=\"https:\/\/aspem.sn\/wp-content\/uploads\/2025\/02\/organigramme-web-aspem1.png\" data-elementor-open-lightbox=\"yes\" data-elementor-lightbox-title=\"organigramme web aspem1\" data-e-action-hash=\"#elementor-action%3Aaction%3Dlightbox%26settings%3DeyJpZCI6MTAxNSwidXJsIjoiaHR0cHM6XC9cL2FzcGVtLnNuXC93cC1jb250ZW50XC91cGxvYWRzXC8yMDI1XC8wMlwvb3JnYW5pZ3JhbW1lLXdlYi1hc3BlbTEucG5nIn0%3D\">\n\t\t\t\t\t\t\t<img decoding=\"async\" width=\"900\" height=\"912\" src=\"https:\/\/aspem.sn\/wp-content\/uploads\/2025\/02\/organigramme-web-aspem1-1011x1024.png\" class=\"attachment-large size-large wp-image-1015\" alt=\"\" srcset=\"https:\/\/aspem.sn\/wp-content\/uploads\/2025\/02\/organigramme-web-aspem1-1011x1024.png 1011w, https:\/\/aspem.sn\/wp-content\/uploads\/2025\/02\/organigramme-web-aspem1-768x778.png 768w, https:\/\/aspem.sn\/wp-content\/uploads\/2025\/02\/organigramme-web-aspem1-600x608.png 600w\" sizes=\"(max-width: 900px) 100vw, 900px\" \/>\t\t\t\t\t\t\t\t<\/a>\n\t\t\t\t\t\t\t\t\t\t\t\t\t\t\t<\/div>\n\t\t\t\t<\/div>\n\t\t\t\t<\/div>\n\t\t<div class=\"elementor-element elementor-element-afd8c14 e-con-full e-flex wpr-particle-no wpr-jarallax-no wpr-parallax-no wpr-sticky-section-no e-con e-child\" data-id=\"afd8c14\" data-element_type=\"container\">\n\t\t\t\t<\/div>\n\t\t\t\t\t<\/div>\n\t\t\t\t<\/div>\n\t\t\t\t<\/div>\n\t\t","protected":false},"excerpt":{"rendered":"<p>LE MOT DU PRESIDENT La pand\u00e9mie \u00e0 la Covid-19 a mis en \u00e9vidence les insuffisances de notre secteur m\u00e9dical\u00a0: le tr\u00e8s faible niveau du plateau technique de nos services de sant\u00e9 mais aussi l\u2019absence d\u2019unit\u00e9s de production locale de dispositifs m\u00e9dicaux. L\u2019Association S\u00e9n\u00e9galaise des Professionnels de l\u2019Equipement M\u00e9dical (ASPEM), regroupe plus d\u2019une cinquantaine de Soci\u00e9t\u00e9s et d\u2019Entreprises sp\u00e9cialis\u00e9es dans la Fabrication, l\u2019Importation et la Distribution de dispositifs m\u00e9dicaux qui \u00e9voluent dans les diff\u00e9rents segments du secteur m\u00e9dical. Ses membres sont, particuli\u00e8rement, des M\u00e9decins, Pharmaciens, Ing\u00e9nieurs, Biologistes, Financiers et autres professionnels d\u2019origines diverses, dont certains capitalisent plus de 40 ans d\u2019exp\u00e9rience. \u00a0 Sa mission consiste \u00e0 cr\u00e9er un \u00e9cosyst\u00e8me favorable \u00e0 l\u2019\u00e9panouissement des professionnels des m\u00e9tiers de production et de distribution des dispositifs m\u00e9dicaux (\u00e9quipements et consommables) pour une sant\u00e9 meilleure. Sa vision, c\u2019est d\u2019\u00eatre un interlocuteur de r\u00e9f\u00e9rence des pouvoirs publics, du secteur priv\u00e9, des partenaires financiers et techniques. Aujourd\u2019hui, avec les promesses d\u2019une nouvelle strat\u00e9gie politique b\u00e2tie autour du patriotisme \u00e9conomique, notre Association s\u2019organise pour une rupture syst\u00e9mique autour d\u2019une ferme volont\u00e9 d\u2019am\u00e9liorer la transparence et la bonne gouvernance dans notre secteur. En ma qualit\u00e9 de Pr\u00e9sident de l\u2019ASPEM, je reste convaincu que la charte d\u2019\u00e9thique, de d\u00e9ontologie et de bonne conduite \u00e0 laquelle nous avons tous adh\u00e9r\u00e9 sera notre seul cr\u00e9do qui renforce notre engagement \u00e0 respecter, scrupuleusement les valeurs de l\u2019ASPEM qui s\u2019articulent autour du mot \u00ab\u00a0ESPERER\u00a0\u00bb : ETHIQUE\u00a0; SOLIDARIT\u00c9\u00a0; PARTAGE\u00a0; RESPECT MUTUEL\u00a0; RESPONSABILITE de ses adh\u00e9rents. Dans cet esprit nous atteindrons, ensemble, les objectifs que nous nous sommes fix\u00e9s quelles que soient l\u2019ampleur et la complexit\u00e9 de la t\u00e2che. HAROUNA KEITA PRESIDENT Organigramme<\/p>\n","protected":false},"author":1,"featured_media":0,"parent":0,"menu_order":0,"comment_status":"closed","ping_status":"closed","template":"","meta":{"footnotes":""},"class_list":["post-558","page","type-page","status-publish","hentry"],"yoast_head":"<!-- This site is optimized with the Yoast SEO plugin v25.2 - https:\/\/yoast.com\/wordpress\/plugins\/seo\/ -->\n<title>A propos - ASPEM<\/title>\n<meta name=\"robots\" content=\"index, follow, max-snippet:-1, max-image-preview:large, max-video-preview:-1\" \/>\n<link rel=\"canonical\" href=\"https:\/\/aspem.sn\/index.php\/a-propos\/\" \/>\n<meta property=\"og:locale\" content=\"fr_FR\" \/>\n<meta property=\"og:type\" content=\"article\" \/>\n<meta property=\"og:title\" content=\"A propos - ASPEM\" \/>\n<meta property=\"og:description\" content=\"LE MOT DU PRESIDENT La pand\u00e9mie \u00e0 la Covid-19 a mis en \u00e9vidence les insuffisances de notre secteur m\u00e9dical\u00a0: le tr\u00e8s faible niveau du plateau technique de nos services de sant\u00e9 mais aussi l\u2019absence d\u2019unit\u00e9s de production locale de dispositifs m\u00e9dicaux. L\u2019Association S\u00e9n\u00e9galaise des Professionnels de l\u2019Equipement M\u00e9dical (ASPEM), regroupe plus d\u2019une cinquantaine de Soci\u00e9t\u00e9s et d\u2019Entreprises sp\u00e9cialis\u00e9es dans la Fabrication, l\u2019Importation et la Distribution de dispositifs m\u00e9dicaux qui \u00e9voluent dans les diff\u00e9rents segments du secteur m\u00e9dical. Ses membres sont, particuli\u00e8rement, des M\u00e9decins, Pharmaciens, Ing\u00e9nieurs, Biologistes, Financiers et autres professionnels d\u2019origines diverses, dont certains capitalisent plus de 40 ans d\u2019exp\u00e9rience. \u00a0 Sa mission consiste \u00e0 cr\u00e9er un \u00e9cosyst\u00e8me favorable \u00e0 l\u2019\u00e9panouissement des professionnels des m\u00e9tiers de production et de distribution des dispositifs m\u00e9dicaux (\u00e9quipements et consommables) pour une sant\u00e9 meilleure. Sa vision, c\u2019est d\u2019\u00eatre un interlocuteur de r\u00e9f\u00e9rence des pouvoirs publics, du secteur priv\u00e9, des partenaires financiers et techniques. Aujourd\u2019hui, avec les promesses d\u2019une nouvelle strat\u00e9gie politique b\u00e2tie autour du patriotisme \u00e9conomique, notre Association s\u2019organise pour une rupture syst\u00e9mique autour d\u2019une ferme volont\u00e9 d\u2019am\u00e9liorer la transparence et la bonne gouvernance dans notre secteur. En ma qualit\u00e9 de Pr\u00e9sident de l\u2019ASPEM, je reste convaincu que la charte d\u2019\u00e9thique, de d\u00e9ontologie et de bonne conduite \u00e0 laquelle nous avons tous adh\u00e9r\u00e9 sera notre seul cr\u00e9do qui renforce notre engagement \u00e0 respecter, scrupuleusement les valeurs de l\u2019ASPEM qui s\u2019articulent autour du mot \u00ab\u00a0ESPERER\u00a0\u00bb : ETHIQUE\u00a0; SOLIDARIT\u00c9\u00a0; PARTAGE\u00a0; RESPECT MUTUEL\u00a0; RESPONSABILITE de ses adh\u00e9rents. Dans cet esprit nous atteindrons, ensemble, les objectifs que nous nous sommes fix\u00e9s quelles que soient l\u2019ampleur et la complexit\u00e9 de la t\u00e2che. HAROUNA KEITA PRESIDENT Organigramme\" \/>\n<meta property=\"og:url\" content=\"https:\/\/aspem.sn\/index.php\/a-propos\/\" \/>\n<meta property=\"og:site_name\" content=\"ASPEM\" \/>\n<meta property=\"article:publisher\" content=\"https:\/\/www.facebook.com\/profile.php?id=61558233223104\" \/>\n<meta property=\"article:modified_time\" content=\"2025-02-27T14:12:22+00:00\" \/>\n<meta property=\"og:image\" content=\"https:\/\/aspem.sn\/wp-content\/uploads\/2024\/06\/Capture-decran-2024-06-02-a-14.27.11.png\" \/>\n\t<meta property=\"og:image:width\" content=\"610\" \/>\n\t<meta property=\"og:image:height\" content=\"594\" \/>\n\t<meta property=\"og:image:type\" content=\"image\/png\" \/>\n<meta name=\"twitter:card\" content=\"summary_large_image\" \/>\n<meta name=\"twitter:label1\" content=\"Dur\u00e9e de lecture estim\u00e9e\" \/>\n\t<meta name=\"twitter:data1\" content=\"2 minutes\" \/>\n<script type=\"application\/ld+json\" class=\"yoast-schema-graph\">{\"@context\":\"https:\/\/schema.org\",\"@graph\":[{\"@type\":\"WebPage\",\"@id\":\"https:\/\/aspem.sn\/index.php\/a-propos\/\",\"url\":\"https:\/\/aspem.sn\/index.php\/a-propos\/\",\"name\":\"A propos - ASPEM\",\"isPartOf\":{\"@id\":\"https:\/\/aspem.sn\/#website\"},\"primaryImageOfPage\":{\"@id\":\"https:\/\/aspem.sn\/index.php\/a-propos\/#primaryimage\"},\"image\":{\"@id\":\"https:\/\/aspem.sn\/index.php\/a-propos\/#primaryimage\"},\"thumbnailUrl\":\"https:\/\/aspem.sn\/wp-content\/uploads\/2024\/06\/Capture-decran-2024-06-02-a-14.27.11.png\",\"datePublished\":\"2024-01-31T03:17:37+00:00\",\"dateModified\":\"2025-02-27T14:12:22+00:00\",\"breadcrumb\":{\"@id\":\"https:\/\/aspem.sn\/index.php\/a-propos\/#breadcrumb\"},\"inLanguage\":\"fr-FR\",\"potentialAction\":[{\"@type\":\"ReadAction\",\"target\":[\"https:\/\/aspem.sn\/index.php\/a-propos\/\"]}]},{\"@type\":\"ImageObject\",\"inLanguage\":\"fr-FR\",\"@id\":\"https:\/\/aspem.sn\/index.php\/a-propos\/#primaryimage\",\"url\":\"https:\/\/aspem.sn\/wp-content\/uploads\/2024\/06\/Capture-decran-2024-06-02-a-14.27.11.png\",\"contentUrl\":\"https:\/\/aspem.sn\/wp-content\/uploads\/2024\/06\/Capture-decran-2024-06-02-a-14.27.11.png\",\"width\":610,\"height\":594},{\"@type\":\"BreadcrumbList\",\"@id\":\"https:\/\/aspem.sn\/index.php\/a-propos\/#breadcrumb\",\"itemListElement\":[{\"@type\":\"ListItem\",\"position\":1,\"name\":\"Accueil\",\"item\":\"https:\/\/aspem.sn\/\"},{\"@type\":\"ListItem\",\"position\":2,\"name\":\"A propos\"}]},{\"@type\":\"WebSite\",\"@id\":\"https:\/\/aspem.sn\/#website\",\"url\":\"https:\/\/aspem.sn\/\",\"name\":\"ASPEM\",\"description\":\"Pour servir au mieux La sant\u00e9\",\"publisher\":{\"@id\":\"https:\/\/aspem.sn\/#organization\"},\"potentialAction\":[{\"@type\":\"SearchAction\",\"target\":{\"@type\":\"EntryPoint\",\"urlTemplate\":\"https:\/\/aspem.sn\/?s={search_term_string}\"},\"query-input\":{\"@type\":\"PropertyValueSpecification\",\"valueRequired\":true,\"valueName\":\"search_term_string\"}}],\"inLanguage\":\"fr-FR\"},{\"@type\":\"Organization\",\"@id\":\"https:\/\/aspem.sn\/#organization\",\"name\":\"ASPEM\",\"url\":\"https:\/\/aspem.sn\/\",\"logo\":{\"@type\":\"ImageObject\",\"inLanguage\":\"fr-FR\",\"@id\":\"https:\/\/aspem.sn\/#\/schema\/logo\/image\/\",\"url\":\"https:\/\/aspem.sn\/wp-content\/uploads\/2024\/01\/logo-aspem.png\",\"contentUrl\":\"https:\/\/aspem.sn\/wp-content\/uploads\/2024\/01\/logo-aspem.png\",\"width\":3508,\"height\":2481,\"caption\":\"ASPEM\"},\"image\":{\"@id\":\"https:\/\/aspem.sn\/#\/schema\/logo\/image\/\"},\"sameAs\":[\"https:\/\/www.facebook.com\/profile.php?id=61558233223104\",\"https:\/\/www.linkedin.com\/company\/aspem-sn\/\"]}]}<\/script>\n<!-- \/ Yoast SEO plugin. -->","yoast_head_json":{"title":"A propos - ASPEM","robots":{"index":"index","follow":"follow","max-snippet":"max-snippet:-1","max-image-preview":"max-image-preview:large","max-video-preview":"max-video-preview:-1"},"canonical":"https:\/\/aspem.sn\/index.php\/a-propos\/","og_locale":"fr_FR","og_type":"article","og_title":"A propos - ASPEM","og_description":"LE MOT DU PRESIDENT La pand\u00e9mie \u00e0 la Covid-19 a mis en \u00e9vidence les insuffisances de notre secteur m\u00e9dical\u00a0: le tr\u00e8s faible niveau du plateau technique de nos services de sant\u00e9 mais aussi l\u2019absence d\u2019unit\u00e9s de production locale de dispositifs m\u00e9dicaux. L\u2019Association S\u00e9n\u00e9galaise des Professionnels de l\u2019Equipement M\u00e9dical (ASPEM), regroupe plus d\u2019une cinquantaine de Soci\u00e9t\u00e9s et d\u2019Entreprises sp\u00e9cialis\u00e9es dans la Fabrication, l\u2019Importation et la Distribution de dispositifs m\u00e9dicaux qui \u00e9voluent dans les diff\u00e9rents segments du secteur m\u00e9dical. Ses membres sont, particuli\u00e8rement, des M\u00e9decins, Pharmaciens, Ing\u00e9nieurs, Biologistes, Financiers et autres professionnels d\u2019origines diverses, dont certains capitalisent plus de 40 ans d\u2019exp\u00e9rience. \u00a0 Sa mission consiste \u00e0 cr\u00e9er un \u00e9cosyst\u00e8me favorable \u00e0 l\u2019\u00e9panouissement des professionnels des m\u00e9tiers de production et de distribution des dispositifs m\u00e9dicaux (\u00e9quipements et consommables) pour une sant\u00e9 meilleure. Sa vision, c\u2019est d\u2019\u00eatre un interlocuteur de r\u00e9f\u00e9rence des pouvoirs publics, du secteur priv\u00e9, des partenaires financiers et techniques. Aujourd\u2019hui, avec les promesses d\u2019une nouvelle strat\u00e9gie politique b\u00e2tie autour du patriotisme \u00e9conomique, notre Association s\u2019organise pour une rupture syst\u00e9mique autour d\u2019une ferme volont\u00e9 d\u2019am\u00e9liorer la transparence et la bonne gouvernance dans notre secteur. En ma qualit\u00e9 de Pr\u00e9sident de l\u2019ASPEM, je reste convaincu que la charte d\u2019\u00e9thique, de d\u00e9ontologie et de bonne conduite \u00e0 laquelle nous avons tous adh\u00e9r\u00e9 sera notre seul cr\u00e9do qui renforce notre engagement \u00e0 respecter, scrupuleusement les valeurs de l\u2019ASPEM qui s\u2019articulent autour du mot \u00ab\u00a0ESPERER\u00a0\u00bb : ETHIQUE\u00a0; SOLIDARIT\u00c9\u00a0; PARTAGE\u00a0; RESPECT MUTUEL\u00a0; RESPONSABILITE de ses adh\u00e9rents. Dans cet esprit nous atteindrons, ensemble, les objectifs que nous nous sommes fix\u00e9s quelles que soient l\u2019ampleur et la complexit\u00e9 de la t\u00e2che. HAROUNA KEITA PRESIDENT Organigramme","og_url":"https:\/\/aspem.sn\/index.php\/a-propos\/","og_site_name":"ASPEM","article_publisher":"https:\/\/www.facebook.com\/profile.php?id=61558233223104","article_modified_time":"2025-02-27T14:12:22+00:00","og_image":[{"width":610,"height":594,"url":"https:\/\/aspem.sn\/wp-content\/uploads\/2024\/06\/Capture-decran-2024-06-02-a-14.27.11.png","type":"image\/png"}],"twitter_card":"summary_large_image","twitter_misc":{"Dur\u00e9e de lecture estim\u00e9e":"2 minutes"},"schema":{"@context":"https:\/\/schema.org","@graph":[{"@type":"WebPage","@id":"https:\/\/aspem.sn\/index.php\/a-propos\/","url":"https:\/\/aspem.sn\/index.php\/a-propos\/","name":"A propos - ASPEM","isPartOf":{"@id":"https:\/\/aspem.sn\/#website"},"primaryImageOfPage":{"@id":"https:\/\/aspem.sn\/index.php\/a-propos\/#primaryimage"},"image":{"@id":"https:\/\/aspem.sn\/index.php\/a-propos\/#primaryimage"},"thumbnailUrl":"https:\/\/aspem.sn\/wp-content\/uploads\/2024\/06\/Capture-decran-2024-06-02-a-14.27.11.png","datePublished":"2024-01-31T03:17:37+00:00","dateModified":"2025-02-27T14:12:22+00:00","breadcrumb":{"@id":"https:\/\/aspem.sn\/index.php\/a-propos\/#breadcrumb"},"inLanguage":"fr-FR","potentialAction":[{"@type":"ReadAction","target":["https:\/\/aspem.sn\/index.php\/a-propos\/"]}]},{"@type":"ImageObject","inLanguage":"fr-FR","@id":"https:\/\/aspem.sn\/index.php\/a-propos\/#primaryimage","url":"https:\/\/aspem.sn\/wp-content\/uploads\/2024\/06\/Capture-decran-2024-06-02-a-14.27.11.png","contentUrl":"https:\/\/aspem.sn\/wp-content\/uploads\/2024\/06\/Capture-decran-2024-06-02-a-14.27.11.png","width":610,"height":594},{"@type":"BreadcrumbList","@id":"https:\/\/aspem.sn\/index.php\/a-propos\/#breadcrumb","itemListElement":[{"@type":"ListItem","position":1,"name":"Accueil","item":"https:\/\/aspem.sn\/"},{"@type":"ListItem","position":2,"name":"A propos"}]},{"@type":"WebSite","@id":"https:\/\/aspem.sn\/#website","url":"https:\/\/aspem.sn\/","name":"ASPEM","description":"Pour servir au mieux La sant\u00e9","publisher":{"@id":"https:\/\/aspem.sn\/#organization"},"potentialAction":[{"@type":"SearchAction","target":{"@type":"EntryPoint","urlTemplate":"https:\/\/aspem.sn\/?s={search_term_string}"},"query-input":{"@type":"PropertyValueSpecification","valueRequired":true,"valueName":"search_term_string"}}],"inLanguage":"fr-FR"},{"@type":"Organization","@id":"https:\/\/aspem.sn\/#organization","name":"ASPEM","url":"https:\/\/aspem.sn\/","logo":{"@type":"ImageObject","inLanguage":"fr-FR","@id":"https:\/\/aspem.sn\/#\/schema\/logo\/image\/","url":"https:\/\/aspem.sn\/wp-content\/uploads\/2024\/01\/logo-aspem.png","contentUrl":"https:\/\/aspem.sn\/wp-content\/uploads\/2024\/01\/logo-aspem.png","width":3508,"height":2481,"caption":"ASPEM"},"image":{"@id":"https:\/\/aspem.sn\/#\/schema\/logo\/image\/"},"sameAs":["https:\/\/www.facebook.com\/profile.php?id=61558233223104","https:\/\/www.linkedin.com\/company\/aspem-sn\/"]}]}},"_links":{"self":[{"href":"https:\/\/aspem.sn\/index.php\/wp-json\/wp\/v2\/pages\/558","targetHints":{"allow":["GET"]}}],"collection":[{"href":"https:\/\/aspem.sn\/index.php\/wp-json\/wp\/v2\/pages"}],"about":[{"href":"https:\/\/aspem.sn\/index.php\/wp-json\/wp\/v2\/types\/page"}],"author":[{"embeddable":true,"href":"https:\/\/aspem.sn\/index.php\/wp-json\/wp\/v2\/users\/1"}],"replies":[{"embeddable":true,"href":"https:\/\/aspem.sn\/index.php\/wp-json\/wp\/v2\/comments?post=558"}],"version-history":[{"count":14,"href":"https:\/\/aspem.sn\/index.php\/wp-json\/wp\/v2\/pages\/558\/revisions"}],"predecessor-version":[{"id":1018,"href":"https:\/\/aspem.sn\/index.php\/wp-json\/wp\/v2\/pages\/558\/revisions\/1018"}],"wp:attachment":[{"href":"https:\/\/aspem.sn\/index.php\/wp-json\/wp\/v2\/media?parent=558"}],"curies":[{"name":"wp","href":"https:\/\/api.w.org\/{rel}","templated":true}]}}