{"id":556,"date":"2024-01-31T04:17:10","date_gmt":"2024-01-31T03:17:10","guid":{"rendered":"https:\/\/aspem.sn\/?page_id=556"},"modified":"2024-04-01T16:09:38","modified_gmt":"2024-04-01T14:09:38","slug":"actualite","status":"publish","type":"page","link":"https:\/\/aspem.sn\/index.php\/actualite\/","title":{"rendered":"Actualit\u00e9"},"content":{"rendered":"\t\t<div data-elementor-type=\"wp-page\" data-elementor-id=\"556\" class=\"elementor elementor-556\">\n\t\t\t\t<div class=\"elementor-element elementor-element-8fbf149 e-flex e-con-boxed wpr-particle-no wpr-jarallax-no wpr-parallax-no wpr-sticky-section-no e-con e-parent\" data-id=\"8fbf149\" data-element_type=\"container\">\n\t\t\t\t\t<div class=\"e-con-inner\">\n\t\t<div class=\"elementor-element elementor-element-1a112c9 e-con-full e-flex wpr-particle-no wpr-jarallax-no wpr-parallax-no wpr-sticky-section-no e-con e-child\" data-id=\"1a112c9\" data-element_type=\"container\">\n\t\t\t\t<div class=\"elementor-element elementor-element-a5b4418 elementor-grid-eael-col-3 elementor-grid-tablet-eael-col-2 elementor-grid-mobile-eael-col-1 elementor-widget elementor-widget-eael-post-grid\" data-id=\"a5b4418\" data-element_type=\"widget\" data-settings=\"{&quot;eael_post_grid_columns&quot;:&quot;eael-col-3&quot;,&quot;eael_post_grid_columns_tablet&quot;:&quot;eael-col-2&quot;,&quot;eael_post_grid_columns_mobile&quot;:&quot;eael-col-1&quot;}\" data-widget_type=\"eael-post-grid.default\">\n\t\t\t\t<div class=\"elementor-widget-container\">\n\t\t\t\t\t<div id=\"eael-post-grid-a5b4418\" class=\"eael-post-grid-container\">\n            <div class=\"eael-post-grid eael-post-appender eael-post-appender-a5b4418 eael-post-grid-style-one\" data-layout-mode=\"grid\"><article class=\"eael-grid-post eael-post-grid-column\" data-id=\"1436\">\n        <div class=\"eael-grid-post-holder\">\n            <div class=\"eael-grid-post-holder-inner\"><div class=\"eael-entry-media\"><div class=\"eael-entry-overlay fade-in\"><i class=\"fas fa-long-arrow-alt-right\" aria-hidden=\"true\"><\/i><a href=\"https:\/\/aspem.sn\/index.php\/2025\/12\/18\/formation-consacree-aux-procedures-dappels-doffres-organisee-par-larcop\/\"><\/a><\/div><div class=\"eael-entry-thumbnail \">\n                <img fetchpriority=\"high\" decoding=\"async\" width=\"600\" height=\"540\" src=\"https:\/\/aspem.sn\/wp-content\/uploads\/2026\/01\/WhatsApp-Image-2025-12-28-at-20.08.10-2-600x540.jpeg\" class=\"attachment-medium size-medium wp-image-1458\" alt=\"\" \/>\n            <\/div>\n        <\/div><div class=\"eael-entry-wrapper\"><header class=\"eael-entry-header\"><h2 class=\"eael-entry-title\"><a class=\"eael-grid-post-link\" href=\"https:\/\/aspem.sn\/index.php\/2025\/12\/18\/formation-consacree-aux-procedures-dappels-doffres-organisee-par-larcop\/\" title=\"Formation consacr\u00e9e aux proc\u00e9dures d\u2019appels d\u2019offres organis\u00e9e par l\u2019ARCOP\">Formation consacr\u00e9e aux proc\u00e9dures d\u2019appels d\u2019offres organis\u00e9e par l\u2019ARCOP<\/a><\/h2><\/header><\/div><\/div>\n        <\/div>\n    <\/article><article class=\"eael-grid-post eael-post-grid-column\" data-id=\"1483\">\n        <div class=\"eael-grid-post-holder\">\n            <div class=\"eael-grid-post-holder-inner\"><div class=\"eael-entry-media\"><div class=\"eael-entry-overlay fade-in\"><i class=\"fas fa-long-arrow-alt-right\" aria-hidden=\"true\"><\/i><a href=\"https:\/\/aspem.sn\/index.php\/2025\/10\/20\/randonnee-pedestre-aspem-2%e1%b5%89-edition-le-biomedical-en-marche-un-pas-contre-le-cancer\/\"><\/a><\/div><div class=\"eael-entry-thumbnail \">\n                <img decoding=\"async\" width=\"600\" height=\"540\" src=\"https:\/\/aspem.sn\/wp-content\/uploads\/2026\/01\/WhatsApp-Image-2025-12-28-at-21.50.40-600x540.jpeg\" class=\"attachment-medium size-medium wp-image-1514\" alt=\"\" \/>\n            <\/div>\n        <\/div><div class=\"eael-entry-wrapper\"><header class=\"eael-entry-header\"><h2 class=\"eael-entry-title\"><a class=\"eael-grid-post-link\" href=\"https:\/\/aspem.sn\/index.php\/2025\/10\/20\/randonnee-pedestre-aspem-2%e1%b5%89-edition-le-biomedical-en-marche-un-pas-contre-le-cancer\/\" title=\"Randonn\u00e9e p\u00e9destre ASP\u00c9M \u2013 2\u1d49 \u00e9dition \u00ab Le biom\u00e9dical en marche \u2013 Un pas contre le cancer \u00bb\">Randonn\u00e9e p\u00e9destre ASP\u00c9M \u2013 2\u1d49 \u00e9dition \u00ab Le biom\u00e9dical en marche \u2013 Un pas contre le cancer \u00bb<\/a><\/h2><\/header><\/div><\/div>\n        <\/div>\n    <\/article><article class=\"eael-grid-post eael-post-grid-column\" data-id=\"1191\">\n        <div class=\"eael-grid-post-holder\">\n            <div class=\"eael-grid-post-holder-inner\"><div class=\"eael-entry-media\"><div class=\"eael-entry-overlay fade-in\"><i class=\"fas fa-long-arrow-alt-right\" aria-hidden=\"true\"><\/i><a href=\"https:\/\/aspem.sn\/index.php\/2025\/05\/30\/rencontre-du-bureau-de-laspem-et-diem-du-msas\/\"><\/a><\/div><div class=\"eael-entry-thumbnail \">\n                <img decoding=\"async\" width=\"600\" height=\"540\" src=\"https:\/\/aspem.sn\/wp-content\/uploads\/2025\/05\/IMG-20250530-WA0006-600x540.jpg\" class=\"attachment-medium size-medium wp-image-1195\" alt=\"\" \/>\n            <\/div>\n        <\/div><div class=\"eael-entry-wrapper\"><header class=\"eael-entry-header\"><h2 class=\"eael-entry-title\"><a class=\"eael-grid-post-link\" href=\"https:\/\/aspem.sn\/index.php\/2025\/05\/30\/rencontre-du-bureau-de-laspem-et-diem-du-msas\/\" title=\"Rencontre du Bureau de l\u2019ASPEM et la Directrice des Infrastructures, des Equipements et de la Maintenance (DIEM) du Minist\u00e8re de la Sant\u00e9 et de l\u2019Action sociale\">Rencontre du Bureau de l\u2019ASPEM et la Directrice des Infrastructures, des Equipements et de la Maintenance (DIEM) du Minist\u00e8re de la Sant\u00e9 et de l\u2019Action sociale<\/a><\/h2><\/header><\/div><\/div>\n        <\/div>\n    <\/article><article class=\"eael-grid-post eael-post-grid-column\" data-id=\"1529\">\n        <div class=\"eael-grid-post-holder\">\n            <div class=\"eael-grid-post-holder-inner\"><div class=\"eael-entry-media\"><div class=\"eael-entry-overlay fade-in\"><i class=\"fas fa-long-arrow-alt-right\" aria-hidden=\"true\"><\/i><a href=\"https:\/\/aspem.sn\/index.php\/2025\/04\/20\/sisdak-2025-une-participation-active-et-remarquee-de-laspem\/\"><\/a><\/div><div class=\"eael-entry-thumbnail \">\n                <img loading=\"lazy\" decoding=\"async\" width=\"600\" height=\"540\" src=\"https:\/\/aspem.sn\/wp-content\/uploads\/2025\/04\/WhatsApp-Image-2026-01-15-at-06.56.38-1-600x540.jpeg\" class=\"attachment-medium size-medium wp-image-1565\" alt=\"\" \/>\n            <\/div>\n        <\/div><div class=\"eael-entry-wrapper\"><header class=\"eael-entry-header\"><h2 class=\"eael-entry-title\"><a class=\"eael-grid-post-link\" href=\"https:\/\/aspem.sn\/index.php\/2025\/04\/20\/sisdak-2025-une-participation-active-et-remarquee-de-laspem\/\" title=\"SISDAK 2025 : Une participation active et remarqu\u00e9e de l\u2019ASPEM\">SISDAK 2025 : Une participation active et remarqu\u00e9e de l\u2019ASPEM<\/a><\/h2><\/header><\/div><\/div>\n        <\/div>\n    <\/article><article class=\"eael-grid-post eael-post-grid-column\" data-id=\"1137\">\n        <div class=\"eael-grid-post-holder\">\n            <div class=\"eael-grid-post-holder-inner\"><div class=\"eael-entry-media\"><div class=\"eael-entry-overlay fade-in\"><i class=\"fas fa-long-arrow-alt-right\" aria-hidden=\"true\"><\/i><a href=\"https:\/\/aspem.sn\/index.php\/2025\/03\/28\/rencontre-entre-laspem-et-la-direction-du-travail-avancees-et-engagements-cles\/\"><\/a><\/div><div class=\"eael-entry-thumbnail \">\n                <img loading=\"lazy\" decoding=\"async\" width=\"600\" height=\"540\" src=\"https:\/\/aspem.sn\/wp-content\/uploads\/2025\/03\/WhatsApp-Image-2025-03-27-a-19.16.42_a28fe734-600x540.jpg\" class=\"attachment-medium size-medium wp-image-1142\" alt=\"\" \/>\n            <\/div>\n        <\/div><div class=\"eael-entry-wrapper\"><header class=\"eael-entry-header\"><h2 class=\"eael-entry-title\"><a class=\"eael-grid-post-link\" href=\"https:\/\/aspem.sn\/index.php\/2025\/03\/28\/rencontre-entre-laspem-et-la-direction-du-travail-avancees-et-engagements-cles\/\" title=\"Rencontre entre l\u2019ASPEM et la Direction du Travail : avanc\u00e9es et engagements cl\u00e9s\">Rencontre entre l\u2019ASPEM et la Direction du Travail : avanc\u00e9es et engagements cl\u00e9s<\/a><\/h2><\/header><\/div><\/div>\n        <\/div>\n    <\/article><article class=\"eael-grid-post eael-post-grid-column\" data-id=\"1125\">\n        <div class=\"eael-grid-post-holder\">\n            <div class=\"eael-grid-post-holder-inner\"><div class=\"eael-entry-media\"><div class=\"eael-entry-overlay fade-in\"><i class=\"fas fa-long-arrow-alt-right\" aria-hidden=\"true\"><\/i><a href=\"https:\/\/aspem.sn\/index.php\/2025\/03\/21\/dr-fatou-bara-dione\/\"><\/a><\/div><div class=\"eael-entry-thumbnail \">\n                <img loading=\"lazy\" decoding=\"async\" width=\"600\" height=\"540\" src=\"https:\/\/aspem.sn\/wp-content\/uploads\/2025\/03\/Capture-decran-2025-03-21-041123-600x540.png\" class=\"attachment-medium size-medium wp-image-1127\" alt=\"\" \/>\n            <\/div>\n        <\/div><div class=\"eael-entry-wrapper\"><header class=\"eael-entry-header\"><h2 class=\"eael-entry-title\"><a class=\"eael-grid-post-link\" href=\"https:\/\/aspem.sn\/index.php\/2025\/03\/21\/dr-fatou-bara-dione\/\" title=\"Dr Fatou Bara Dione revient sur les \u00e9changes qui ont anim\u00e9 le s\u00e9minaire de l&#8217;ASPEM\">Dr Fatou Bara Dione revient sur les \u00e9changes qui ont anim\u00e9 le s\u00e9minaire de l&#8217;ASPEM<\/a><\/h2><\/header><\/div><\/div>\n        <\/div>\n    <\/article><article class=\"eael-grid-post eael-post-grid-column\" data-id=\"1062\">\n        <div class=\"eael-grid-post-holder\">\n            <div class=\"eael-grid-post-holder-inner\"><div class=\"eael-entry-media\"><div class=\"eael-entry-overlay fade-in\"><i class=\"fas fa-long-arrow-alt-right\" aria-hidden=\"true\"><\/i><a href=\"https:\/\/aspem.sn\/index.php\/2025\/03\/14\/sisdak-2025-jumele-a-la-5e-expo-sante-de-loci-un-carrefour-dinnovations-medicales\/\"><\/a><\/div><div class=\"eael-entry-thumbnail \">\n                <img loading=\"lazy\" decoding=\"async\" width=\"600\" height=\"540\" src=\"https:\/\/aspem.sn\/wp-content\/uploads\/2025\/03\/f6f6074a9f8544e191a21affeb7c80fc-860x573-1-600x540.jpg\" class=\"attachment-medium size-medium wp-image-1059\" alt=\"\" \/>\n            <\/div>\n        <\/div><div class=\"eael-entry-wrapper\"><header class=\"eael-entry-header\"><h2 class=\"eael-entry-title\"><a class=\"eael-grid-post-link\" href=\"https:\/\/aspem.sn\/index.php\/2025\/03\/14\/sisdak-2025-jumele-a-la-5e-expo-sante-de-loci-un-carrefour-dinnovations-medicales\/\" title=\"SISDAK 2025 jumel\u00e9 \u00e0 la 5e Expo Sant\u00e9 de l\u2019OCI : Un carrefour d\u2019innovations m\u00e9dicales\">SISDAK 2025 jumel\u00e9 \u00e0 la 5e Expo Sant\u00e9 de l\u2019OCI : Un carrefour d\u2019innovations m\u00e9dicales<\/a><\/h2><\/header><\/div><\/div>\n        <\/div>\n    <\/article><article class=\"eael-grid-post eael-post-grid-column\" data-id=\"976\">\n        <div class=\"eael-grid-post-holder\">\n            <div class=\"eael-grid-post-holder-inner\"><div class=\"eael-entry-media\"><div class=\"eael-entry-overlay fade-in\"><i class=\"fas fa-long-arrow-alt-right\" aria-hidden=\"true\"><\/i><a href=\"https:\/\/aspem.sn\/index.php\/2025\/02\/26\/seminaire-residentiel-du-21-au-23-fevrier-2025\/\"><\/a><\/div><div class=\"eael-entry-thumbnail \">\n                <img loading=\"lazy\" decoding=\"async\" width=\"600\" height=\"540\" src=\"https:\/\/aspem.sn\/wp-content\/uploads\/2025\/02\/IMG-20250222-WA0297-600x540.jpg\" class=\"attachment-medium size-medium wp-image-977\" alt=\"\" \/>\n            <\/div>\n        <\/div><div class=\"eael-entry-wrapper\"><header class=\"eael-entry-header\"><h2 class=\"eael-entry-title\"><a class=\"eael-grid-post-link\" href=\"https:\/\/aspem.sn\/index.php\/2025\/02\/26\/seminaire-residentiel-du-21-au-23-fevrier-2025\/\" title=\"S\u00e9minaire r\u00e9sidentiel du 21 au 23 f\u00e9vrier 2025\">S\u00e9minaire r\u00e9sidentiel du 21 au 23 f\u00e9vrier 2025<\/a><\/h2><\/header><\/div><\/div>\n        <\/div>\n    <\/article><article class=\"eael-grid-post eael-post-grid-column\" data-id=\"855\">\n        <div class=\"eael-grid-post-holder\">\n            <div class=\"eael-grid-post-holder-inner\"><div class=\"eael-entry-media\"><div class=\"eael-entry-overlay fade-in\"><i class=\"fas fa-long-arrow-alt-right\" aria-hidden=\"true\"><\/i><a href=\"https:\/\/aspem.sn\/index.php\/2024\/08\/11\/rencontre-avec-le-mr-justin-correa-directeur-general-du-cices\/\"><\/a><\/div><div class=\"eael-entry-thumbnail \">\n                <img loading=\"lazy\" decoding=\"async\" width=\"600\" height=\"540\" src=\"https:\/\/aspem.sn\/wp-content\/uploads\/2024\/08\/WhatsApp-Image-2024-08-11-at-19.15.59-2-600x540.jpeg\" class=\"attachment-medium size-medium wp-image-864\" alt=\"\" \/>\n            <\/div>\n        <\/div><div class=\"eael-entry-wrapper\"><header class=\"eael-entry-header\"><h2 class=\"eael-entry-title\"><a class=\"eael-grid-post-link\" href=\"https:\/\/aspem.sn\/index.php\/2024\/08\/11\/rencontre-avec-le-mr-justin-correa-directeur-general-du-cices\/\" title=\"Audience avec Mr Justin CORREA,  Directeur G\u00e9n\u00e9ral du CICES\">Audience avec Mr Justin CORREA,  Directeur G\u00e9n\u00e9ral du CICES<\/a><\/h2><\/header><\/div><\/div>\n        <\/div>\n    <\/article><article class=\"eael-grid-post eael-post-grid-column\" data-id=\"722\">\n        <div class=\"eael-grid-post-holder\">\n            <div class=\"eael-grid-post-holder-inner\"><div class=\"eael-entry-media\"><div class=\"eael-entry-overlay fade-in\"><i class=\"fas fa-long-arrow-alt-right\" aria-hidden=\"true\"><\/i><a href=\"https:\/\/aspem.sn\/index.php\/2024\/04\/01\/reunion-strategies-bureau-aspem\/\"><\/a><\/div><div class=\"eael-entry-thumbnail \">\n                <img loading=\"lazy\" decoding=\"async\" width=\"600\" height=\"540\" src=\"https:\/\/aspem.sn\/wp-content\/uploads\/2024\/04\/WhatsApp-Image-2024-03-22-at-13.24.46-600x540.jpeg\" class=\"attachment-medium size-medium wp-image-731\" alt=\"\" \/>\n            <\/div>\n        <\/div><div class=\"eael-entry-wrapper\"><header class=\"eael-entry-header\"><h2 class=\"eael-entry-title\"><a class=\"eael-grid-post-link\" href=\"https:\/\/aspem.sn\/index.php\/2024\/04\/01\/reunion-strategies-bureau-aspem\/\" title=\"R\u00e9union &#8220;strat\u00e9gies&#8221; Bureau ASPEM\">R\u00e9union &#8220;strat\u00e9gies&#8221; Bureau ASPEM<\/a><\/h2><\/header><\/div><\/div>\n        <\/div>\n    <\/article><article class=\"eael-grid-post eael-post-grid-column\" data-id=\"721\">\n        <div class=\"eael-grid-post-holder\">\n            <div class=\"eael-grid-post-holder-inner\"><div class=\"eael-entry-media\"><div class=\"eael-entry-overlay fade-in\"><i class=\"fas fa-long-arrow-alt-right\" aria-hidden=\"true\"><\/i><a href=\"https:\/\/aspem.sn\/index.php\/2024\/04\/01\/election-bureau-aspem\/\"><\/a><\/div><div class=\"eael-entry-thumbnail \">\n                <img loading=\"lazy\" decoding=\"async\" width=\"600\" height=\"540\" src=\"https:\/\/aspem.sn\/wp-content\/uploads\/2024\/04\/Capture-decran-2024-04-01-a-14.24.13-600x540.png\" class=\"attachment-medium size-medium wp-image-723\" alt=\"\" \/>\n            <\/div>\n        <\/div><div class=\"eael-entry-wrapper\"><header class=\"eael-entry-header\"><h2 class=\"eael-entry-title\"><a class=\"eael-grid-post-link\" href=\"https:\/\/aspem.sn\/index.php\/2024\/04\/01\/election-bureau-aspem\/\" title=\"Election bureau ASPEM\">Election bureau ASPEM<\/a><\/h2><\/header><\/div><\/div>\n        <\/div>\n    <\/article><article class=\"eael-grid-post eael-post-grid-column\" data-id=\"703\">\n        <div class=\"eael-grid-post-holder\">\n            <div class=\"eael-grid-post-holder-inner\"><div class=\"eael-entry-media\"><div class=\"eael-entry-overlay fade-in\"><i class=\"fas fa-long-arrow-alt-right\" aria-hidden=\"true\"><\/i><a href=\"https:\/\/aspem.sn\/index.php\/2024\/04\/01\/assemblee-generale-extraordinaire-de-laspem\/\"><\/a><\/div><div class=\"eael-entry-thumbnail \">\n                <img loading=\"lazy\" decoding=\"async\" width=\"600\" height=\"540\" src=\"https:\/\/aspem.sn\/wp-content\/uploads\/2024\/03\/Capture-decran-2024-03-25-a-13.44.19-600x540.png\" class=\"attachment-medium size-medium wp-image-607\" alt=\"\" \/>\n            <\/div>\n        <\/div><div class=\"eael-entry-wrapper\"><header class=\"eael-entry-header\"><h2 class=\"eael-entry-title\"><a class=\"eael-grid-post-link\" href=\"https:\/\/aspem.sn\/index.php\/2024\/04\/01\/assemblee-generale-extraordinaire-de-laspem\/\" title=\"Assembl\u00e9e G\u00e9n\u00e9rale extraordinaire\u00a0de l&#8217;ASPEM\">Assembl\u00e9e G\u00e9n\u00e9rale extraordinaire\u00a0de l&#8217;ASPEM<\/a><\/h2><\/header><\/div><\/div>\n        <\/div>\n    <\/article><\/div>\n            <div class=\"clearfix\"><\/div>\n        <\/div>\t\t\t\t<\/div>\n\t\t\t\t<\/div>\n\t\t\t\t<\/div>\n\t\t\t\t\t<\/div>\n\t\t\t\t<\/div>\n\t\t\t\t<\/div>\n\t\t","protected":false},"excerpt":{"rendered":"<p>Assembl\u00e9e G\u00e9n\u00e9rale extraordinaire\u00a0de l&#8217;ASPEM<\/p>\n","protected":false},"author":1,"featured_media":0,"parent":0,"menu_order":0,"comment_status":"closed","ping_status":"closed","template":"","meta":{"footnotes":""},"class_list":["post-556","page","type-page","status-publish","hentry"],"yoast_head":"<!-- This site is optimized with the Yoast SEO plugin v25.2 - https:\/\/yoast.com\/wordpress\/plugins\/seo\/ -->\n<title>Actualit\u00e9 - ASPEM<\/title>\n<meta name=\"robots\" content=\"index, follow, max-snippet:-1, max-image-preview:large, max-video-preview:-1\" \/>\n<link rel=\"canonical\" href=\"https:\/\/aspem.sn\/index.php\/actualite\/\" \/>\n<meta property=\"og:locale\" content=\"fr_FR\" \/>\n<meta property=\"og:type\" content=\"article\" \/>\n<meta property=\"og:title\" content=\"Actualit\u00e9 - ASPEM\" \/>\n<meta property=\"og:description\" content=\"Assembl\u00e9e G\u00e9n\u00e9rale extraordinaire\u00a0de l&#8217;ASPEM\" \/>\n<meta property=\"og:url\" content=\"https:\/\/aspem.sn\/index.php\/actualite\/\" \/>\n<meta property=\"og:site_name\" content=\"ASPEM\" \/>\n<meta property=\"article:publisher\" content=\"https:\/\/www.facebook.com\/profile.php?id=61558233223104\" \/>\n<meta property=\"article:modified_time\" content=\"2024-04-01T14:09:38+00:00\" \/>\n<meta property=\"og:image\" content=\"https:\/\/aspem.sn\/wp-content\/uploads\/2024\/03\/Capture-decran-2024-03-25-a-13.44.19-600x540.png\" \/>\n<meta name=\"twitter:card\" content=\"summary_large_image\" \/>\n<script type=\"application\/ld+json\" class=\"yoast-schema-graph\">{\"@context\":\"https:\/\/schema.org\",\"@graph\":[{\"@type\":\"WebPage\",\"@id\":\"https:\/\/aspem.sn\/index.php\/actualite\/\",\"url\":\"https:\/\/aspem.sn\/index.php\/actualite\/\",\"name\":\"Actualit\u00e9 - ASPEM\",\"isPartOf\":{\"@id\":\"https:\/\/aspem.sn\/#website\"},\"primaryImageOfPage\":{\"@id\":\"https:\/\/aspem.sn\/index.php\/actualite\/#primaryimage\"},\"image\":{\"@id\":\"https:\/\/aspem.sn\/index.php\/actualite\/#primaryimage\"},\"thumbnailUrl\":\"https:\/\/aspem.sn\/wp-content\/uploads\/2024\/03\/Capture-decran-2024-03-25-a-13.44.19-600x540.png\",\"datePublished\":\"2024-01-31T03:17:10+00:00\",\"dateModified\":\"2024-04-01T14:09:38+00:00\",\"breadcrumb\":{\"@id\":\"https:\/\/aspem.sn\/index.php\/actualite\/#breadcrumb\"},\"inLanguage\":\"fr-FR\",\"potentialAction\":[{\"@type\":\"ReadAction\",\"target\":[\"https:\/\/aspem.sn\/index.php\/actualite\/\"]}]},{\"@type\":\"ImageObject\",\"inLanguage\":\"fr-FR\",\"@id\":\"https:\/\/aspem.sn\/index.php\/actualite\/#primaryimage\",\"url\":\"https:\/\/aspem.sn\/wp-content\/uploads\/2024\/03\/Capture-decran-2024-03-25-a-13.44.19.png\",\"contentUrl\":\"https:\/\/aspem.sn\/wp-content\/uploads\/2024\/03\/Capture-decran-2024-03-25-a-13.44.19.png\",\"width\":2246,\"height\":1196},{\"@type\":\"BreadcrumbList\",\"@id\":\"https:\/\/aspem.sn\/index.php\/actualite\/#breadcrumb\",\"itemListElement\":[{\"@type\":\"ListItem\",\"position\":1,\"name\":\"Accueil\",\"item\":\"https:\/\/aspem.sn\/\"},{\"@type\":\"ListItem\",\"position\":2,\"name\":\"Actualit\u00e9\"}]},{\"@type\":\"WebSite\",\"@id\":\"https:\/\/aspem.sn\/#website\",\"url\":\"https:\/\/aspem.sn\/\",\"name\":\"ASPEM\",\"description\":\"Pour servir au mieux La sant\u00e9\",\"publisher\":{\"@id\":\"https:\/\/aspem.sn\/#organization\"},\"potentialAction\":[{\"@type\":\"SearchAction\",\"target\":{\"@type\":\"EntryPoint\",\"urlTemplate\":\"https:\/\/aspem.sn\/?s={search_term_string}\"},\"query-input\":{\"@type\":\"PropertyValueSpecification\",\"valueRequired\":true,\"valueName\":\"search_term_string\"}}],\"inLanguage\":\"fr-FR\"},{\"@type\":\"Organization\",\"@id\":\"https:\/\/aspem.sn\/#organization\",\"name\":\"ASPEM\",\"url\":\"https:\/\/aspem.sn\/\",\"logo\":{\"@type\":\"ImageObject\",\"inLanguage\":\"fr-FR\",\"@id\":\"https:\/\/aspem.sn\/#\/schema\/logo\/image\/\",\"url\":\"https:\/\/aspem.sn\/wp-content\/uploads\/2024\/01\/logo-aspem.png\",\"contentUrl\":\"https:\/\/aspem.sn\/wp-content\/uploads\/2024\/01\/logo-aspem.png\",\"width\":3508,\"height\":2481,\"caption\":\"ASPEM\"},\"image\":{\"@id\":\"https:\/\/aspem.sn\/#\/schema\/logo\/image\/\"},\"sameAs\":[\"https:\/\/www.facebook.com\/profile.php?id=61558233223104\",\"https:\/\/www.linkedin.com\/company\/aspem-sn\/\"]}]}<\/script>\n<!-- \/ Yoast SEO plugin. -->","yoast_head_json":{"title":"Actualit\u00e9 - ASPEM","robots":{"index":"index","follow":"follow","max-snippet":"max-snippet:-1","max-image-preview":"max-image-preview:large","max-video-preview":"max-video-preview:-1"},"canonical":"https:\/\/aspem.sn\/index.php\/actualite\/","og_locale":"fr_FR","og_type":"article","og_title":"Actualit\u00e9 - ASPEM","og_description":"Assembl\u00e9e G\u00e9n\u00e9rale extraordinaire\u00a0de l&#8217;ASPEM","og_url":"https:\/\/aspem.sn\/index.php\/actualite\/","og_site_name":"ASPEM","article_publisher":"https:\/\/www.facebook.com\/profile.php?id=61558233223104","article_modified_time":"2024-04-01T14:09:38+00:00","og_image":[{"url":"https:\/\/aspem.sn\/wp-content\/uploads\/2024\/03\/Capture-decran-2024-03-25-a-13.44.19-600x540.png","type":"","width":"","height":""}],"twitter_card":"summary_large_image","schema":{"@context":"https:\/\/schema.org","@graph":[{"@type":"WebPage","@id":"https:\/\/aspem.sn\/index.php\/actualite\/","url":"https:\/\/aspem.sn\/index.php\/actualite\/","name":"Actualit\u00e9 - ASPEM","isPartOf":{"@id":"https:\/\/aspem.sn\/#website"},"primaryImageOfPage":{"@id":"https:\/\/aspem.sn\/index.php\/actualite\/#primaryimage"},"image":{"@id":"https:\/\/aspem.sn\/index.php\/actualite\/#primaryimage"},"thumbnailUrl":"https:\/\/aspem.sn\/wp-content\/uploads\/2024\/03\/Capture-decran-2024-03-25-a-13.44.19-600x540.png","datePublished":"2024-01-31T03:17:10+00:00","dateModified":"2024-04-01T14:09:38+00:00","breadcrumb":{"@id":"https:\/\/aspem.sn\/index.php\/actualite\/#breadcrumb"},"inLanguage":"fr-FR","potentialAction":[{"@type":"ReadAction","target":["https:\/\/aspem.sn\/index.php\/actualite\/"]}]},{"@type":"ImageObject","inLanguage":"fr-FR","@id":"https:\/\/aspem.sn\/index.php\/actualite\/#primaryimage","url":"https:\/\/aspem.sn\/wp-content\/uploads\/2024\/03\/Capture-decran-2024-03-25-a-13.44.19.png","contentUrl":"https:\/\/aspem.sn\/wp-content\/uploads\/2024\/03\/Capture-decran-2024-03-25-a-13.44.19.png","width":2246,"height":1196},{"@type":"BreadcrumbList","@id":"https:\/\/aspem.sn\/index.php\/actualite\/#breadcrumb","itemListElement":[{"@type":"ListItem","position":1,"name":"Accueil","item":"https:\/\/aspem.sn\/"},{"@type":"ListItem","position":2,"name":"Actualit\u00e9"}]},{"@type":"WebSite","@id":"https:\/\/aspem.sn\/#website","url":"https:\/\/aspem.sn\/","name":"ASPEM","description":"Pour servir au mieux La sant\u00e9","publisher":{"@id":"https:\/\/aspem.sn\/#organization"},"potentialAction":[{"@type":"SearchAction","target":{"@type":"EntryPoint","urlTemplate":"https:\/\/aspem.sn\/?s={search_term_string}"},"query-input":{"@type":"PropertyValueSpecification","valueRequired":true,"valueName":"search_term_string"}}],"inLanguage":"fr-FR"},{"@type":"Organization","@id":"https:\/\/aspem.sn\/#organization","name":"ASPEM","url":"https:\/\/aspem.sn\/","logo":{"@type":"ImageObject","inLanguage":"fr-FR","@id":"https:\/\/aspem.sn\/#\/schema\/logo\/image\/","url":"https:\/\/aspem.sn\/wp-content\/uploads\/2024\/01\/logo-aspem.png","contentUrl":"https:\/\/aspem.sn\/wp-content\/uploads\/2024\/01\/logo-aspem.png","width":3508,"height":2481,"caption":"ASPEM"},"image":{"@id":"https:\/\/aspem.sn\/#\/schema\/logo\/image\/"},"sameAs":["https:\/\/www.facebook.com\/profile.php?id=61558233223104","https:\/\/www.linkedin.com\/company\/aspem-sn\/"]}]}},"_links":{"self":[{"href":"https:\/\/aspem.sn\/index.php\/wp-json\/wp\/v2\/pages\/556","targetHints":{"allow":["GET"]}}],"collection":[{"href":"https:\/\/aspem.sn\/index.php\/wp-json\/wp\/v2\/pages"}],"about":[{"href":"https:\/\/aspem.sn\/index.php\/wp-json\/wp\/v2\/types\/page"}],"author":[{"embeddable":true,"href":"https:\/\/aspem.sn\/index.php\/wp-json\/wp\/v2\/users\/1"}],"replies":[{"embeddable":true,"href":"https:\/\/aspem.sn\/index.php\/wp-json\/wp\/v2\/comments?post=556"}],"version-history":[{"count":7,"href":"https:\/\/aspem.sn\/index.php\/wp-json\/wp\/v2\/pages\/556\/revisions"}],"predecessor-version":[{"id":719,"href":"https:\/\/aspem.sn\/index.php\/wp-json\/wp\/v2\/pages\/556\/revisions\/719"}],"wp:attachment":[{"href":"https:\/\/aspem.sn\/index.php\/wp-json\/wp\/v2\/media?parent=556"}],"curies":[{"name":"wp","href":"https:\/\/api.w.org\/{rel}","templated":true}]}}